{"id":9,"date":"2014-06-14T20:16:55","date_gmt":"2014-06-14T20:16:55","guid":{"rendered":"http:\/\/kooiker-mainz.de\/?page_id=9"},"modified":"2020-09-07T17:00:27","modified_gmt":"2020-09-07T17:00:27","slug":"links","status":"publish","type":"page","link":"https:\/\/kooiker-mainz.de\/?page_id=9","title":{"rendered":"Links"},"content":{"rendered":"<hr \/>\n<p>&nbsp;<\/p>\n<p><span style=\"color: #333333;\">Verb\u00e4nde und Vereinigungen<br \/>\n<\/span><span style=\"color: #008080;\"><a href=\"http:\/\/www.vdh.de\/home\/\" target=\"_blank\" rel=\"noopener noreferrer\"><span style=\"color: #008080;\">Verband f\u00fcr das Deutsche Hundewesen e.V.<\/span><br \/>\n<\/a><a href=\"http:\/\/kooikerhome.de\" target=\"_blank\" rel=\"noopener noreferrer\"><span style=\"color: #008080;\">DCK Deutscher Club f\u00fcr Kooikerhondje e. V.<\/span><br \/>\n<\/a><a href=\"http:\/\/www.kooikerhondjeclub.ch\" target=\"_blank\" rel=\"noopener noreferrer\"><span style=\"color: #008080;\">Kooikerhondje Club Schweiz KCS<\/span><br \/>\n<\/a><a href=\"http:\/\/www.kooikerhondje.nl\" target=\"_blank\" rel=\"noopener noreferrer\"><span style=\"color: #008080;\">Vereniging Het Nederlandes Kooikerhondje<\/span><\/a><span style=\"line-height: 1.5em;\">\u00a0<\/span><\/span><\/p>\n<hr \/>\n<p>&nbsp;<\/p>\n<p><span style=\"color: #333333;\">Kooikerfreunde<br \/>\n<\/span><span style=\"color: #339966;\"><a href=\"http:\/\/vomgollerweiher.jimdo.com\" target=\"_blank\" rel=\"noopener noreferrer\"><span style=\"color: #008080;\">Kooikerhondje vom Gollerweiher<br \/>\n<\/span><\/a><span style=\"color: #008080;\"><a style=\"color: #008080;\" href=\"http:\/\/www.kooiker-of-bear-spirit.com\" target=\"_blank\" rel=\"noopener noreferrer\">Kooiker of Bear Spirit<\/a><br \/>\n<\/span><\/span><span style=\"color: #339966;\"><a href=\"http:\/\/bernie-vom-gollerweiher.jimdo.com\" target=\"_blank\" rel=\"noopener noreferrer\"><span style=\"color: #008080;\">Bernie vom Gollerweiher (DCK Deckr\u00fcde)<\/span><br \/>\n<\/a><a href=\"https:\/\/dexter-flash-vom-gollerweiher.jimdo.com\" target=\"_blank\" rel=\"noopener noreferrer\"><span style=\"color: #008080;\">Dexter Flash vom Gollerweiher (DCK Deckr\u00fcde)<br \/>\n<\/span><\/a><\/span><span style=\"color: #339966;\"><a href=\"https:\/\/kooikerhondje-cooper.jimdo.com\" target=\"_blank\" rel=\"noopener noreferrer\"><span style=\"color: #008080;\">Cooper Youri vom Gollerweiher (DCK Deckr\u00fcde)<\/span><\/a><\/span><\/p>\n<hr \/>\n<p>&nbsp;<\/p>\n<p><span style=\"color: #333333;\">Ausbildung<\/span><br \/>\n<span style=\"color: #008080;\"><span style=\"color: #000000;\"><a href=\"http:\/\/www.mainzer-hundeschule.de\" target=\"_blank\" rel=\"noopener noreferrer\"><span style=\"color: #008080;\">Mainzer Hundeschule FamilienJagdHund<\/span><br \/>\n<\/a><\/span><a href=\"http:\/\/www.hundeakademie.de\"><span style=\"color: #008080;\"><span style=\"color: #000000;\"><span style=\"color: #008080;\">Hunde-Akademie Perdita L\u00fcbbe<br \/>\n<\/span><\/span><\/span><\/a><\/span><a href=\"http:\/\/www.wini.info\/index.php?id=108\/\" target=\"_blank\" rel=\"noopener noreferrer\"><span style=\"color: #008080;\">Lebensschule Mensch-Hund<\/span><\/a><\/p>\n<hr \/>\n<p>&nbsp;<\/p>\n<p><span style=\"color: #333333;\">Ern\u00e4hrung<\/span><span style=\"color: #008080;\"><a href=\"http:\/\/www.pernaturam.de\/suche\/\" target=\"_blank\" rel=\"noopener noreferrer\"><span style=\"color: #008080;\"><br \/>\n<\/span><\/a><\/span><a href=\"https:\/\/www.barfshop.de\/de\/\" target=\"_blank\" rel=\"noopener noreferrer\"><span style=\"color: #008080;\">DHN Naturprodukte<\/span><\/a><br \/>\n<span style=\"color: #008080;\"><a style=\"color: #008080;\" href=\"http:\/\/www.pernaturam.de\/suche\/\" target=\"_blank\" rel=\"noopener noreferrer\">PerNaturam<\/a><\/span><\/p>\n<hr \/>\n<p>&nbsp;<\/p>\n<p><span style=\"color: #333333;\">Weitere interessante Links<\/span><span style=\"color: #000000;\"><a href=\"http:\/\/www.dogphotos.de\" target=\"_blank\" rel=\"noopener noreferrer\"><br \/>\n<\/a><\/span><\/p>\n<p><span style=\"color: #008080;\"><a style=\"color: #008080;\" href=\"http:\/\/www.welpenanalyse.com\" target=\"_blank\" rel=\"noopener noreferrer\">Welpenanalyse<br \/>\n<\/a><\/span><span style=\"color: #000000;\"><a href=\"http:\/\/www.sara-otterstaetter.de\/\" target=\"_blank\" rel=\"noopener noreferrer\"><span style=\"color: #008080;\">Sara Otterst\u00e4tter<\/span> <span style=\"color: #008080;\">&#8211;<\/span> <span style=\"color: #008080;\">Illustration und Grafik<\/span><br \/>\n<\/a><a href=\"http:\/\/www.wuehltischwelpen.de\/index.html?d=1\"><span style=\"color: #008080;\">W\u00fchltischwelpen<\/span> <span style=\"color: #008080;\">&#8211; Gemeinsam gegen Welpenhandel<\/span><\/a><span style=\"color: #008080;\">!<\/span><\/span><\/p>\n<hr \/>\n<p>&nbsp;<\/p>\n<p>&nbsp;<\/p>\n","protected":false},"excerpt":{"rendered":"<p>&nbsp; Verb\u00e4nde und Vereinigungen Verband f\u00fcr das Deutsche Hundewesen e.V. DCK Deutscher Club f\u00fcr Kooikerhondje e. V. Kooikerhondje Club Schweiz&#8230;<\/p>\n<div class=\"more-link-wrapper\"><a class=\"more-link\" href=\"https:\/\/kooiker-mainz.de\/?page_id=9\">&#8230;weiterlesen&#8230;<span class=\"screen-reader-text\">Links<\/span><\/a><\/div>\n","protected":false},"author":1,"featured_media":1397,"parent":0,"menu_order":6,"comment_status":"closed","ping_status":"closed","template":"","meta":[],"_links":{"self":[{"href":"https:\/\/kooiker-mainz.de\/index.php?rest_route=\/wp\/v2\/pages\/9"}],"collection":[{"href":"https:\/\/kooiker-mainz.de\/index.php?rest_route=\/wp\/v2\/pages"}],"about":[{"href":"https:\/\/kooiker-mainz.de\/index.php?rest_route=\/wp\/v2\/types\/page"}],"author":[{"embeddable":true,"href":"https:\/\/kooiker-mainz.de\/index.php?rest_route=\/wp\/v2\/users\/1"}],"replies":[{"embeddable":true,"href":"https:\/\/kooiker-mainz.de\/index.php?rest_route=%2Fwp%2Fv2%2Fcomments&post=9"}],"version-history":[{"count":59,"href":"https:\/\/kooiker-mainz.de\/index.php?rest_route=\/wp\/v2\/pages\/9\/revisions"}],"predecessor-version":[{"id":1912,"href":"https:\/\/kooiker-mainz.de\/index.php?rest_route=\/wp\/v2\/pages\/9\/revisions\/1912"}],"wp:featuredmedia":[{"embeddable":true,"href":"https:\/\/kooiker-mainz.de\/index.php?rest_route=\/wp\/v2\/media\/1397"}],"wp:attachment":[{"href":"https:\/\/kooiker-mainz.de\/index.php?rest_route=%2Fwp%2Fv2%2Fmedia&parent=9"}],"curies":[{"name":"wp","href":"https:\/\/api.w.org\/{rel}","templated":true}]}}