{"id":1671,"date":"2017-07-28T20:49:25","date_gmt":"2017-07-28T20:49:25","guid":{"rendered":"http:\/\/kooiker-mainz.de\/?page_id=1671"},"modified":"2020-09-07T16:58:36","modified_gmt":"2020-09-07T16:58:36","slug":"literatur","status":"publish","type":"page","link":"https:\/\/kooiker-mainz.de\/?page_id=1671","title":{"rendered":"Literatur"},"content":{"rendered":"<hr \/>\n<h4><\/h4>\n<h4><span style=\"color: #008080;\"><b>Kritische \u201eRatgeber\u201c<\/b><\/span><\/h4>\n<p>Dr. med. vet. Jutta Ziegler<strong><br \/>\nHunde w\u00fcrden l\u00e4nger leben, wenn\u2026 &#8211; Schwarzbuch Tierarzt<\/strong><\/p>\n<p>Dr. med. vet. Jutta Ziegler<strong><br \/>\nTier\u00e4rzte k\u00f6nnen die Gesundheit Ihres Tieres gef\u00e4hrden: Neue Wege in der Therapie<\/strong><\/p>\n<p>Hans-Ulrich Grimm<strong><br \/>\nKatzen w\u00fcrden M\u00e4use kaufen &#8211; Schwarzbuch Tierfutter<\/strong><\/p>\n<hr \/>\n<p>&nbsp;<\/p>\n<h4><span style=\"color: #008080;\"><b>Gesundheit<\/b><\/span><\/h4>\n<p>Monika Peichle<br \/>\n<strong>Hunde impfen: Der kritische Ratgeber<\/strong><\/p>\n<hr \/>\n<p>&nbsp;<\/p>\n<h4><span style=\"color: #008080;\"><b>BARFEN<\/b><\/span><\/h4>\n<p>Swanie Simon<br \/>\n<strong>BARF &#8211; Biologisch Artgerechtes Rohes Futter f\u00fcr Hunde<\/strong><br \/>\n<strong>BARF Biologisch Artgerechtes Rohes Futter f\u00fcr Welpen und tr\u00e4chtige H\u00fcndinnen<\/strong><br \/>\n<strong>BARF SENIOR &#8211; Biologisch Artgerechtes Rohes Futter im Alter und bei Erkrankungen<\/strong><\/p>\n<p>Nadine Wolf<br \/>\n<strong>Das BARF-Buch: Inklusive 14 Rezepten<\/strong><\/p>\n<hr \/>\n<p>&nbsp;<\/p>\n<h4><span style=\"color: #008080;\"><b>Erziehung<\/b><\/span><\/h4>\n<p>Norma Zvolsky<br \/>\n<strong>Die Kosmos Retrieverschule: Grunderziehung und Dummytraining<\/strong><\/p>\n<p>Udo Gansloser<br \/>\n<strong>Ein guter Start ins Hundeleben<\/strong><\/p>\n<p>Thomas Baumann<br \/>\n<strong>Mehrhundehaltung: Das Buch zur Gruppenhaltung &#8211; gemeinsam zu mehr Harmonie<\/strong><\/p>\n<p>Andreas Ohligschl\u00e4ger<br \/>\n<strong>Vertrau auf deinen Hund: Vom intuitiven Umgang mit Hunden<\/strong><\/p>\n<hr \/>\n<p>&nbsp;<\/p>\n<h4><span style=\"color: #008080;\"><b>Hundeverhalten<\/b><\/span><\/h4>\n<p>G\u00fcnther Bloch<br \/>\n<strong>W\u00f6lfisch f\u00fcr Hundehalter &#8211; von Alpha, Dominanz und anderen popul\u00e4ren Irrt\u00fcmern<\/strong><br \/>\n<strong>Der Wolf im Hundepelz: Hundeerziehung aus unterschiedlichen Perspektiven<\/strong><\/p>\n<p><span class=\"a-size-small a-color-secondary\">Udo Ganslo\u00dfer und <\/span><span class=\"a-size-small a-color-secondary\">Kate Kitchenham<\/span><br \/>\n<strong>Erziehung-Beziehung-Bindung: Forschung im Dienst des Mensch-Hund-Teams<\/strong><\/p>\n<p>Patricia B. McConnell<br \/>\n<strong>Das andere Ende der Leine: Was unseren Umgang mit Hunden bestimmt<\/strong><\/p>\n<p>Sophie Strodtbeck<br \/>\n<strong>Hilfe, mein Hund ist in der Pubert\u00e4t! &#8211; Entspannt durch wilde Zeiten<\/strong><\/p>\n<hr \/>\n<p>&nbsp;<\/p>\n<h4><span style=\"color: #008080;\"><b>Zucht und Genetik<\/b><\/span><\/h4>\n<p>Irene Sommerfeld-Stur<br \/>\n<strong>Rassehundezucht: Genetik f\u00fcr Z\u00fcchter und Halter<\/strong><\/p>\n<hr \/>\n<p>&nbsp;<\/p>\n<h4><span style=\"color: #008080;\"><b>W\u00f6lfe<\/b><\/span><\/h4>\n<p>Elli Radinger<br \/>\n<strong>Die Weisheit der W\u00f6lfe: Wie sie denken, planen, f\u00fcreinander sorgen<\/strong><\/p>\n<hr \/>\n<p><a href=\"http:\/\/kooiker-mainz.de\/wp-content\/uploads\/2016\/01\/Carlsson_7376.jpg\"><img decoding=\"async\" loading=\"lazy\" class=\"size-medium wp-image-1402 aligncenter\" src=\"http:\/\/kooiker-mainz.de\/wp-content\/uploads\/2016\/01\/Carlsson_7376-744x497.jpg\" alt=\"\" width=\"744\" height=\"497\" srcset=\"https:\/\/kooiker-mainz.de\/wp-content\/uploads\/2016\/01\/Carlsson_7376-744x497.jpg 744w, https:\/\/kooiker-mainz.de\/wp-content\/uploads\/2016\/01\/Carlsson_7376-420x280.jpg 420w, https:\/\/kooiker-mainz.de\/wp-content\/uploads\/2016\/01\/Carlsson_7376-768x513.jpg 768w, https:\/\/kooiker-mainz.de\/wp-content\/uploads\/2016\/01\/Carlsson_7376-1200x801.jpg 1200w\" sizes=\"(max-width: 744px) 100vw, 744px\" \/><\/a><\/p>\n","protected":false},"excerpt":{"rendered":"<p>Kritische \u201eRatgeber\u201c Dr. med. vet. Jutta Ziegler Hunde w\u00fcrden l\u00e4nger leben, wenn\u2026 &#8211; Schwarzbuch Tierarzt Dr. med. vet. Jutta Ziegler&#8230;<\/p>\n<div class=\"more-link-wrapper\"><a class=\"more-link\" href=\"https:\/\/kooiker-mainz.de\/?page_id=1671\">&#8230;weiterlesen&#8230;<span class=\"screen-reader-text\">Literatur<\/span><\/a><\/div>\n","protected":false},"author":1,"featured_media":1788,"parent":0,"menu_order":5,"comment_status":"closed","ping_status":"closed","template":"","meta":[],"_links":{"self":[{"href":"https:\/\/kooiker-mainz.de\/index.php?rest_route=\/wp\/v2\/pages\/1671"}],"collection":[{"href":"https:\/\/kooiker-mainz.de\/index.php?rest_route=\/wp\/v2\/pages"}],"about":[{"href":"https:\/\/kooiker-mainz.de\/index.php?rest_route=\/wp\/v2\/types\/page"}],"author":[{"embeddable":true,"href":"https:\/\/kooiker-mainz.de\/index.php?rest_route=\/wp\/v2\/users\/1"}],"replies":[{"embeddable":true,"href":"https:\/\/kooiker-mainz.de\/index.php?rest_route=%2Fwp%2Fv2%2Fcomments&post=1671"}],"version-history":[{"count":22,"href":"https:\/\/kooiker-mainz.de\/index.php?rest_route=\/wp\/v2\/pages\/1671\/revisions"}],"predecessor-version":[{"id":1911,"href":"https:\/\/kooiker-mainz.de\/index.php?rest_route=\/wp\/v2\/pages\/1671\/revisions\/1911"}],"wp:featuredmedia":[{"embeddable":true,"href":"https:\/\/kooiker-mainz.de\/index.php?rest_route=\/wp\/v2\/media\/1788"}],"wp:attachment":[{"href":"https:\/\/kooiker-mainz.de\/index.php?rest_route=%2Fwp%2Fv2%2Fmedia&parent=1671"}],"curies":[{"name":"wp","href":"https:\/\/api.w.org\/{rel}","templated":true}]}}